*b - 7 = 3*l, 22 = 5*b - 5*l + 7. Let u(g) = -3*g**2 - 4*g**b - 8 - 2*g**3 + 6*g + 3*g**3 + 17. List the prime factors of u(6).
3
List the prime factors of ((10/3)/1)/((-7)/(-2541)).
2, 5, 11
Let a(b) = -106*b + 105*b - 1 + 5. Let f be a(1). What are the prime factors of (45 - f)/(-3)*-3?
2, 3, 7
Suppose -6*w + 3*w + 6 = 0. Suppose -2*d = -3*d + w. Suppose -2*b - 115 = -4*g - b, -d*g + b = -57. What are the prime factors of g?
29
Let g(r) = -r**3 - 13*r**2 + 15*r + 14. Let y be g(-14). Suppose 2*m - 100 = -k, 0 = -y*k - 3*k + 3*m + 300. What are the prime factors of k?
2, 5
Suppose 37*a - 39*a + 968 = 0. List the prime factors of a.
2, 11
What are the prime factors of (-10 - (-143)/22)*5316/(-14)?
3, 443
Let o be 80/(-50)*15/(-2). Suppose 3*m = -4*a - o, -4*m - 6*a - 12 = -2*a. Suppose -2*z - 4*p + 54 = m, 0*p = 5*z - 4*p - 149. List the prime factors of z.
29
Suppose 9*x = 7*x + 4. Let b(m) = m**3 - 9 + 16*m - 11*m + 7*m**x + 3. List the prime factors of b(-5).
19
Suppose 4*z = -i - 1, -2*z = -4*z - 5*i + 13. What are the prime factors of (0 + z - 1)*-18?
2, 3
Suppose -98 - 42 = -5*h. Suppose h = -3*a + a - 2*d, -2*a - 3*d - 31 = 0. Let l = 1 - a. What are the prime factors of l?
2, 3
Let s(j) = -j**3 - 6*j**2 - 6*j - 2. Let p be s(-5). Suppose -5*g = -z - 195, 3*g + p*z - 99 = -0*z. Let b = g - 3. List the prime factors of b.
5, 7
Let s(r) = r**2 + 3*r + 255. Let f be s(0). Suppose 4*b - 4*p - 504 = 0, 2*b = -3*p + 2*p + f. What are the prime factors of b?
127
Let t = -2387 + 4082. List the prime factors of t.
3, 5, 113
Suppose -22*g + 35 + 9 = 0. Suppose -5*p + 1347 = g*m, -1092 = -4*p + m + m. List the prime factors of p.
271
Let d = 73 - -34. List the prime factors of d.
107
Suppose -5*y + m = 551, 3*m - 559 = 5*y + 4*m. Let o = y + 144. What are the prime factors of o?
3, 11
Suppose o + 11 = 3*o + c, -4*o + 19 = 5*c. Suppose w = p - 43, -o*p + 3*p - 5*w = -153. What are the prime factors of p?
2, 23
Let y(w) = w**3 + 12*w**2 + 10*w - 14. Let k be y(-11). Let v(r) = -r**3 + 3*r**2 - 2*r + 5. What are the prime factors of v(k)?
5, 13
Let s(v) = v**3 + 5*v**2 + 2*v - 12. Let x be s(-6). Let g = -43 - x. List the prime factors of g.
17
Let j(k) = 5*k**3 - 3*k**2 + 6*k + 6. What are the prime factors of j(4)?
2, 151
Let r(q) = -q**3 + 6*q**2 - 2*q + 31. Let d(m) = -2*m**3 + 12*m**2 - 5*m + 61. Let u(s) = -3*d(s) + 5*r(s). What are the prime factors of u(7)?
2, 7
Let f(a) be the first derivative of -a**4/4 + 13*a**3/3 + 33*a**2/2 - 19*a - 2. List the prime factors of f(15).
2, 13
Let z be (1 + 3)/8*2*5. Suppose -373 = -2*q + z*a + 4, 594 = 3*q + 2*a. What are the prime factors of q?
2, 7
Let i be (6/9)/(6/45). Suppose 0 = -i*s - 2*s + 511. What are the prime factors of s?
73
Suppose -5*q = 3*m - 30 + 1, q = -5*m + 19. Suppose -p = m, 0 = k + 4*p - 3 - 10. List the prime factors of k.
5
Let b(d) = 7*d**2 - 14*d + 9. Let r = 30 - 23. List the prime factors of b(r).
2, 127
Let n(j) = j**3 + j**2 + 3. Let k be n(-2). What are the prime factors of 68 - (k - (-4 - -3))?
2, 17
Let s be -2 - -3 - (-2)/(-6)*3. Suppose s = 10*v - 0*v - 720. List the prime factors of v.
2, 3
Suppose -5*x - 2 = 3. Let w be 2 + x - 0/2. What are the prime factors of (16/10)/(w/10)?
2
Let w(m) = -58*m + 9. Let q = 3 + -5. List the prime factors of w(q).
5
Let i be ((-2)/(-2))/(-2 + 621/311). Let d = -213 - i. List the prime factors of d.
2, 7
Let y(s) = -49 - 17*s - 4 - 2. What are the prime factors of y(-19)?
2, 67
Let w(n) = -n**2 + 4*n + 20. Let l(q) = -q + 1. Let g(m) = -6*l(m) - w(m). What are the prime factors of g(6)?
2, 11
Suppose -2*v - 4 = -h, 1 = 2*v - 1. Suppose h = -c + 2*t, -15 = -c + 2*c - 5*t. Suppose 0 = 5*n - c*n - 100. List the prime factors of n.
2, 5
Let h be (-8)/(-3)*3*(-4)/(-8). List the prime factors of -26*(-15)/25*50/h.
3, 5, 13
Let p = -154 - -695. List the prime factors of p.
541
Suppose 0 = -3*c - 3*x + 9, -4*x = -3*c - x + 3. Suppose 3*z + 4 = z + 2*p, z + 5*p + c = 0. List the prime factors of z/6 + 154/21.
7
List the prime factors of -65*(-10458)/210*2/3.
2, 13, 83
List the prime factors of 336 + (-24)/(-18)*-3.
2, 83
Let f be 2 + 90/4 - (-6)/(-12). Suppose -3*u - f = -6*u. What are the prime factors of u?
2
Let n(z) = -z**3 + 22*z**2 - 18*z - 31. Let g be n(21). Suppose 196 + g = 2*f. What are the prime factors of f?
2, 3, 19
Let h be 3/(-3*4/16). Let y be (-12)/h*2 - 3. Suppose 0 = 5*b - y*b - 8. What are the prime factors of b?
2
Let q(s) = -s + 6. Let t be q(-14). Suppose 24*b = t*b + 620. What are the prime factors of b?
5, 31
Let y(i) = 2*i**3 + 59*i**2 + 8*i + 34. Let s(d) = -d**3 - 30*d**2 - 4*d - 17. Let z(q) = -7*s(q) - 4*y(q). What are the prime factors of z(-26)?
3, 29
Let x(o) = -237*o**3 + 5*o - 5. Let i be x(1). Let b = i - -336. What are the prime factors of b?
3, 11
Suppose 59 - 3139 = -35*g. What are the prime factors of g?
2, 11
Let g = 1913 + -526. What are the prime factors of g?
19, 73
Let k(f) be the second derivative of -f**5/20 - 2*f**4/3 + 7*f**3/6 + 3*f**2 + f. Let s be -8 + 1 - 0 - (99 - 97). List the prime factors of k(s).
2, 3
Let q be -278*(-9)/(-24)*4. Let s = -148 - q. What are the prime factors of s?
269
Suppose 0 = -3*q - 2*t + 4248, 12*t - 15*t + 1409 = q. What are the prime factors of q?
2, 709
List the prime factors of 1 + 2780 + 7/(28/24).
3, 929
Let s(i) = -2*i**3 + 2*i**2 - i + 3. Let t be s(-3). Let v be t/(-9)*3*1. Let w = -10 - v. List the prime factors of w.
2
Suppose 0 = z - 5 + 1. Let v be (-1)/(z - (5 + 0)). List the prime factors of v/(-3 + 16/5).
5
Suppose 3*g - 36 = -0. Suppose g*c - 17*c = -40. Suppose 63 = d - 2*r, 4*r + 24 = c. What are the prime factors of d?
5, 11
Let a = 5001 + -3428. List the prime factors of a.
11, 13
Suppose 28 = -0*z + 4*z. Let u be 7/(-4) - 2/8. Let p = z + u. List the prime factors of p.
5
Let z(x) = 331*x**2 + 4*x + 4. List the prime factors of z(-2).
2, 3, 5, 11
Let r be ((-8)/(-10))/((-6)/(-60)). What are the prime factors of 2/r*2 - (-156)/8?
2, 5
Let g be (-631)/(-3) + (-2)/6. Let p = g - 145. What are the prime factors of p?
5, 13
Let f = -3191 - -6267. List the prime factors of f.
2, 769
Let b(a) = -a**2 + 3*a - 5. Let t be b(4). Let q be (-6)/t - 141/9. Let x = q - -18. What are the prime factors of x?
3
Let l(m) = 0*m - 22*m - 2 - 1. Let n = -11 + 9. What are the prime factors of l(n)?
41
Let k(r) = -3*r - 4. Let w be k(-3). Let x(a) = -1 - w - 3*a + 5 + 0. List the prime factors of x(-4).
11
Let d = -2 + 2. Suppose d*s = 2*s + 24. List the prime factors of (-1 - -42) + s/4.
2, 19
Suppose -137 = -4*x - 29. Let n = 50 - x. Suppose -4*a - n + 79 = 0. List the prime factors of a.
2, 7
Let y(f) = -5*f - 15. Let g be y(-4). Suppose -3*u + g*u = 3*x - 314, -528 = -5*x + u. What are the prime factors of x?
2, 53
Let a = -1276 - -2806. List the prime factors of a.
2, 3, 5, 17
Let s(z) = -z**3 + 32*z**2 - 42*z + 157. What are the prime factors of s(30)?
17, 41
Let x be (-317)/(-3) - 8/60*5. Suppose 0 = 8*q - 13*q + x. What are the prime factors of q?
3, 7
Let m(p) = -8*p**3 - 11*p**2 - 5. Let f(l) = 7*l**3 + 10*l**2 + 6. Let i(h) = -7*f(h) - 6*m(h). What are the prime factors of i(-5)?
13
Suppose 9*f + 48 = 12. List the prime factors of -1*(3 + -7) + f - -8.
2
Suppose t + 1 = 3*t + 5*h, -3*h = 3. Let o(i) = -13*i - 13. Let y(n) = -638*n - 638. Let f(w) = -99*o(w) + 2*y(w). What are the prime factors of f(t)?
2, 11
Let k = 70 + -40. Let n be (-40)/(-15) + (-4)/6. Suppose -k - 40 = -n*w. What are the prime factors of w?
5, 7
Let g(d) = d**2 + 7*d - 4. Let l be g(-8). Let x = 207 + -139. List the prime factors of (2 - l) + x/2.
2
What are the prime factors of (1950/(-125))/((-6)/435)?
3, 13, 29
Let z(u) = 6*u**2 - 3*u + 9. Let w = -7 + 0. Let g(t) = -11*t**2 + 6*t - 17. Let l(s) = w*z(s) - 4*g(s). What are the prime factors of l(4)?
5
Suppose -2311 = -19*j + 3237. List the prime factors of j.
2, 73
Suppose -a + 1669 = 5*s, 3*a = -0*a + 2*s + 5007. What are the prime factors of a?
1669
Suppose 2*d + 149 = -2*d + j, -4*d - 155 = j. Let h = 99 + d. What are the prime factors of h?
61
Let m(a) = -a**3 + 6*a**2 - 3*a + 1. Let i be m(6). What are the prime factors of -157*(4/34 - (-19)/i)?
157
Let y(r) = 117*r + 125. List the prime factors of y(4).
593
Suppose 68*q -